+ 4*i**2 - i**2. Determine w(2).
6
Let n(d) = 9*d**2 - 15*d - 6. Let b(r) = -4*r**2 + 7*r + 3. Let o(t) = 7*b(t) + 3*n(t). Give o(6).
-9
Let b = 5 - 8. Let o = b + -2. Let u(v) = -2. Let q(n) = -n - 1. Let k(z) = 2*q(z) + 2*u(z). Determine k(o).
4
Suppose 5*t + 21 = 2*b + 5, -5*b = t + 14. Let y(j) = -j**3 - 4*j**2 + 2*j + 5. What is y(t)?
-3
Let r(a) = a**3 + a**2 + 4. Let y be r(0). Let w(c) = c**3 - 4*c**2 - 5*c + 6. Calculate w(y).
-14
Let s(k) be the first derivative of 2*k**3/3 - 21. Let h be (-1)/4 + 42/(-24). Calculate s(h).
8
Let o(r) = 3 + 4*r + 2 - 6*r. Let u be o(5). Let v(j) be the third derivative of j**4/24 + 7*j**3/6 + 2*j**2. Determine v(u).
2
Let a be ((-28)/(-12) + -3)*-3. Suppose 2*x = a*t - 16, -6*x = 5*t - x - 20. Let n(p) = -p**3 + 5*p**2 + 6*p. What is n(t)?
0
Let m = -24 + 23. Let i(y) = -2*y**2. Determine i(m).
-2
Let f(h) = h**3 - 3*h - 3. Let d be 28*(1 - 6/8). Let s = 5 - d. Determine f(s).
-5
Let p(f) = -30 - 6*f + 21 + 7*f. Calculate p(-8).
-17
Let d(h) be the second derivative of 5/6*h**3 + 0 - 1/12*h**4 - 2*h - 3/2*h**2. Give d(2).
3
Let y(i) = -i**3 + 4*i**2 + 2*i - 4. Let g be y(4). Let x(b) = b**2 - g*b - 2 + 2*b**2 - 2*b**2. Suppose -7*l + 3*l + 16 = 0. Determine x(l).
-2
Let g(w) = -w - 5. Let v(p) = -p - 4. Suppose -2*q = -10, c - 3*c - 11 = -q. Let l(f) = c*g(f) + 2*v(f). Give l(-3).
4
Let p(b) = -b. Let x = 8 + -6. Let i be p(x). Let l(c) = 2*c + c - c. What is l(i)?
-4
Let u(t) = t**3 - 4*t**2 + 4*t - 2. Let p(z) = -z**2 + 5*z + 16. Let h be p(7). Calculate u(h).
-2
Let u(o) be the first derivative of -o**2 + 3*o + 1. Let s(g) = -4*g**3 + 2*g**2 + 2*g. Let q be s(-1). Calculate u(q).
-5
Let y be 0 + 0 - (-4 + -1). Suppose -6*c + 1 = -3*c - k, 5*c = y*k + 15. Let s(t) = 2. Let g(r) = -r + 3. Let v(n) = -3*g(n) + 5*s(n). Give v(c).
-2
Let c(a) be the second derivative of -a**5/20 - a**4/2 - 5*a**3/6 + 3*a**2 + 5*a. Let m be c(-5). Let p(l) = -l**3 + 7*l**2 - 7*l - 2. What is p(m)?
-8
Let r = 18 - 28. Let g = r - -11. Let b(k) be the second derivative of k**5/20 + k**4/6 - k**3/3 + k**2/2 + k. Give b(g).
2
Let m(l) = -2*l - 2. Suppose -2*z + 5*s - 1 = 1, 0 = -s. Let n = -4 - z. Calculate m(n).
4
Let q = -1 + 4. Suppose -3*r - 17 = -2*t, -q*r = -t - 3 + 19. Let i = r + 3. Let p(b) = -b - 1. Calculate p(i).
1
Let w be 1*(1 + 5 - -2). Let q = 4 - w. Let f(o) be the second derivative of -o**4/12 - 2*o**3/3 + o**2 - 6*o. Calculate f(q).
2
Let f(v) = -v**3 + 6*v**2 - 4*v - 2. Let o be f(5). Let b(c) = 3*c - o - 4*c + 5*c**2 - c + c**3. Give b(-5).
7
Let a = 43 - 38. Let w(q) = -q**3 + 5*q**2 - 3*q + 5. What is w(a)?
-10
Let p(f) be the first derivative of -f**3/3 + 7*f**2/2 - 4*f + 3. Determine p(5).
6
Let y be -2 + 0 - (5 - 1). Let z(r) = -r**2 - 7*r - 6. Calculate z(y).
0
Let q(w) = w + 3. Let v = -4 - -7. Let j = -8 + v. Determine q(j).
-2
Suppose -5*t + 60 = -15. Suppose -4*v + t = -v. Let m(g) = -g - v + 4 + 3 + g**3. Give m(-2).
-4
Let b be 9/6 - (-2)/4. Let g(s) = -3 + 2 - 1 - 1 + b*s. What is g(2)?
1
Let b = 2 - -2. Let n be (-29)/(-9) + b/(-18). Suppose 0 = 6*d - n*d - 15. Let p(c) = -c + 6. Give p(d).
1
Let h(p) = -3*p - 5. Let l = 65 - 69. Calculate h(l).
7
Let t(s) be the second derivative of -s**4/12 - s**3/3 - 3*s**2/2 - 4*s. Determine t(-3).
-6
Let f(d) = -4*d**2 - d - 2*d**2 + 2 + 3*d**2. Let k = -5 + 3. Let v(y) = 3*y**2 + y - 1. Let o(l) = k*f(l) - 3*v(l). Give o(-2).
-11
Let j be 5*2/10*3. Let k(l) = 4*l + 5*l - j*l - 8*l - 3. What is k(-5)?
7
Suppose 0 = 2*j + i - 3, 5*j + 5*i - 5 = 0. Let z(y) = -y + 6. What is z(j)?
4
Let q(v) = -v**3 - 5*v**2 - v + 1. Let f be ((-3)/(-2))/((-63)/168). What is q(f)?
-11
Let r(h) = h**3 + 5*h**2 - 7*h - 4. Let w = -3 - -9. Let i be (-4)/(3 + 1)*w. Calculate r(i).
2
Let f(v) = -v**3 - v**2 + 2*v + 3. Let k be f(-2). Let d(r) = -10 + 0 + 2*r**2 + 6 - r**3 + 4*r. Calculate d(k).
-1
Let a(i) = -i - i**3 + 0 + 2 - i - 4*i**2. Suppose -2*m - 13*m - 30 = 0. Give a(m).
-2
Let r(n) = n**2 + 6*n + 4. Let y(d) = -6*d**3 - d + 1. Let k be y(1). Calculate r(k).
4
Let y(b) = -7*b**3 - 11*b**2 - 5*b + 4. Let g(l) = -3*l**3 - 5*l**2 - 2*l + 2. Let f(c) = 5*g(c) - 2*y(c). Calculate f(-2).
-2
Suppose 0 = -y - 4*k - 9 - 6, 3*k = -2*y - 10. Let j(h) = -h**3 + h**2 - 2*h + 1. Calculate j(y).
-1
Let w(i) be the third derivative of 13*i**5/60 - i**3/6 - 26*i**2. Let m(y) = 2*y + 1. Let u be m(-1). What is w(u)?
12
Suppose 0 = -d + 3*d - 10. Let n(a) = -a + 2*a - d*a + 4*a**3 - 5*a**3 - 6*a**2. Suppose 2*u = 2*c - 3*c - 11, 4*u + 21 = -c. Calculate n(u).
-5
Let o = -51 + 52. Let b(c) be the second derivative of -c**4/2 - c**3/6 + c**2/2 + c. Determine b(o).
-6
Let u(k) = -2*k - 3. Suppose 0 = 2*h + 3*r + 8, 4*r + 5 = -11. Suppose j - h = 3*j. Let s = j + -3. What is u(s)?
5
Let s(h) = h - 6. Let z be s(10). Let p(x) = x**2 + 4*x**2 - 2 - z*x**2 + x. Calculate p(-2).
0
Let v(x) be the first derivative of -x**5/20 - x**4/2 - 7*x**3/6 - 3*x**2 - 6*x + 10. Let g(j) be the first derivative of v(j). What is g(-5)?
4
Let n(t) = -t**3 - 6*t**2 - 1. Let g be 1/((-17)/(-6) - 3). Determine n(g).
-1
Suppose x = -5*x - 18. Let g(p) = 5*p + 4. Calculate g(x).
-11
Let p(j) = -j - 10. Let q = 45 - 52. Determine p(q).
-3
Suppose -3*v - 2*d = 4, -4*v - 32 = -d - 3*d. Let u be ((-6)/v - 1)*2. Let m(g) be the second derivative of 3*g**5/20 + g**2/2 + g. Determine m(u).
4
Let t(b) = b. Suppose j = -4*f + 3*j - 12, -3*f = -j + 7. Let n(p) = 3*p + 1. Let h(k) = f*n(k) + 5*t(k). Calculate h(3).
5
Let k(u) = u. Let y(c) = 4*c - 54. Let w be y(12). Let d(h) = -1. Let m(r) = -14*r - 1. Let f(t) = 2*d(t) - m(t). Let b(o) = w*k(o) + f(o). What is b(-1)?
-9
Let q(m) = m**2 - 8*m + 2. Suppose 17*a - 105 = 2*a. Calculate q(a).
-5
Let u(d) = d**3 - 8*d**2 + 7*d - 1. Let h be u(6). Let i = -16 - h. Suppose 3*j - g = -10, -5*g = -i + 40. Let o(f) = -f**3 - 5*f**2 + 2. Give o(j).
2
Let c(u) = u + 13. Let h(o) = -o - 13. Let f(r) = -6*c(r) - 5*h(r). Give f(-6).
-7
Let v(a) = -a**3 + 5*a**2 - 4. Let s = 2 - 7. Let z = 10 + s. Give v(z).
-4
Let b(c) = 15*c - 10. Let n(u) = -7*u + 5. Let x(f) = 6*b(f) + 13*n(f). What is x(0)?
5
Let m(t) = -t**3 + 6*t**2 - 4*t + 5. Let l(r) = 13*r + 5. Let d be l(0). Give m(d).
10
Let j be 2 - -1 - (-2 + -1 + 6). Let k(o) be the second derivative of 5/12*o**4 - 5/6*o**3 + 1/20*o**5 + j + 5/2*o**2 - 2*o. Determine k(-6).
-1
Let z(l) = -3*l + 14*l - 1 - 7*l. Calculate z(-2).
-9
Suppose -b - 2*b = 0. Let t(s) be the second derivative of -s**4/12 + s**3/6 - 2*s**2 - 253*s + 1. Give t(b).
-4
Suppose -5*u + 8 = -u. Let t(j) = -7 - j**u + 6*j - 2*j**2 - j + 4*j**2. Suppose -3*x = 5*d - 0*x + 10, 20 = 4*x. Calculate t(d).
-7
Let m(y) = -y**2 + 9*y - 12. Let k be m(8). Let i = k - -4. Let z(o) = o**2 + 2. Give z(i).
2
Let i(z) = -4 - 2 - z + 0 + 3*z. Give i(6).
6
Suppose 7*j - 21 = 4*j. Let n(w) = -w**3 + 8*w**2 - 10*w + 8. Calculate n(j).
-13
Let z(x) = x + 3. Suppose -2 - 3 = -i. Suppose d = i*d + 20. Let k = -5 - d. Determine z(k).
3
Let h be (4/(-2))/(4/(-6)). Let u(z) = h*z - 4 + 3 + 2 + 3. Give u(-3).
-5
Suppose 5*b = -2*l, -4*b = -l + 2*l. Let q(c) = c**3 + c**2 - c + 6. Give q(b).
6
Let m(l) = 6*l - 5*l - 5 - 9 + 5. What is m(6)?
-3
Let z(g) be the first derivative of -7*g**4/4 + g**2 - g - 33. Give z(1).
-6
Let c(h) = 2*h**3 - 3*h**2 + 2*h - 3. Let o be c(2). Suppose d = -o*p - 10, p + 0*p = -2. Let a(b) = b**2 - 17 + 8 - b + 1. Determine a(d).
-8
Let l(q) = -2*q - 2. Let x(z) = z + 2. Let v(u) = -2*l(u) - 3*x(u). Calculate v(-6).
-8
Let x(a) = -a**3 - a + 2. Let s(f) = -3*f**2 + 3. Let k(p) = s(p) - 2*x(p). Suppose 4 = 2*i - 0*i. Calculate k(i).
7
Suppose t + 4*t - 35 = 0. Let d(o) = 3*o - o + 0*o + 2 - t*o. Determine d(2).
-8
Let x(b) = -4*b**2 - 2*b + 1. Let m(n) be the second derivative of -n**3/3 + n**2/2 - 2*n. Let v be m(-1). Let w = v + -2. Determine x(w).
-5
Let l(s) = -7*s**3 + 5*s**2 + s - 7. Suppose -7*y + 3*y = 3*o - 10, o - 2*y - 10 = 0. Let p(d) = d**3 + 1. Let m(i) = o*p(i) + l(i). Give m(5).
4
Let l = 15 - 14. Let n(k) = -6*k**2 - k + 1. Calculate n(l).
-6
Let k(f) be the third derivative of 1/24*f**4 + 0*f + 4*f**2 + 7/6*f**3 + 0. Give k(0).
7
Let h(n) be the third derivative of n**5/120 + 2*n**3/3 - 2*n**2. Let i(w) be the first derivative of h(w). What is i(5)?
5